c + 6212. Give v(80).
-2268
Let l(s) = -4058*s + 28472. Give l(7).
66
Let p(t) = 561*t + 5516. Calculate p(-9).
467
Let m(p) = -109*p - 4681. Determine m(-43).
6
Let u(v) = -739*v + 4737. Calculate u(7).
-436
Let g(l) = 3*l**3 + 22*l**2 - 5152*l - 31048. What is g(-6)?
8
Let v(o) = -20*o**2 + 4973*o - 8156. What is v(247)?
-5
Let v(a) = 2*a**3 - 58*a**2 + 411*a + 7. Determine v(14).
-119
Let a(j) = 6361*j + 286232. What is a(-45)?
-13
Let b(w) = -2*w**2 - 12427*w + 249349. Give b(20).
9
Let k(u) = 85267*u + 85271. Determine k(-1).
4
Let c(t) = -t**3 + 152*t**2 - 1069*t + 7864. Calculate c(145).
34
Let v(f) = -211*f**2 + 16818*f + 4953. Give v(80).
-7
Let d(q) = -273*q**2 + 795*q + 1590. Calculate d(-2).
-1092
Let r(v) = -52*v**2 + 4306*v - 37903. Determine r(10).
-43
Let j(b) = 71124*b - 3982944. Give j(56).
0
Let v(q) = -117*q - 10939. What is v(-92)?
-175
Let w(g) = -g**3 - 506*g**2 + 5187*g + 13551. Give w(-516).
-381
Let z(y) = y**3 - 73*y**2 + 456*y + 111. Give z(66).
-285
Let u(s) = 8694*s + 208662. Give u(-24).
6
Let k(d) = -31*d**2 + 80*d - 42. Give k(1).
7
Let c(f) = -22390*f + 65362. Determine c(3).
-1808
Let w(d) = 3791*d - 138958. Calculate w(36).
-2482
Let k(u) = 4*u**3 + 251*u**2 + 176*u - 27. Give k(-62).
593
Let o(w) = 41421*w + 786965. Determine o(-19).
-34
Let t(u) = u**3 + 96*u**2 - 85*u - 33782. Calculate t(-93).
70
Let k(j) = 11*j**3 + 1155*j**2 + 4*j + 385. What is k(-105)?
-35
Let y(k) = 285*k - 440. Give y(7).
1555
Let w(u) = 1692*u + 22263. Give w(-13).
267
Let z(f) = -2*f**2 + 838*f - 86390. Calculate z(185).
190
Let y(m) = 118*m - 3013. Determine y(30).
527
Let y(u) = -5*u**2 - 191*u + 14054. Calculate y(37).
142
Let p(g) = 1106605*g + 12172659. Determine p(-11).
4
Let i(h) = -593*h + 97255. Calculate i(164).
3
Let k(j) = 140*j**2 - 913*j + 8. Give k(6).
-430
Let q(j) = -131*j + 5111. Determine q(37).
264
Let a(h) = -141*h**2 - 1569*h - 12. Determine a(-11).
186
Let v(x) = -2*x**2 + 38*x + 103. Calculate v(22).
-29
Let i(n) = -n**3 + 23*n**2 + 5*n - 1385. Give i(20).
-85
Let c(g) = -41*g**2 - 192*g + 1149. What is c(6)?
-1479
Let f(a) = 2*a**3 + 205*a**2 - 332*a - 2145. Calculate f(-104).
-65
Let m(t) = -t**3 - 41*t**2 - 281*t + 69. Determine m(-33).
630
Let c(a) = -20*a**2 - 1983*a + 513. Give c(-100).
-1187
Let o(z) = -45009*z - 810141. Determine o(-18).
21
Let p(o) = -2*o**2 - 1276*o + 1070033. Determine p(479).
-53
Let h(j) = 809006*j - 15371115. Give h(19).
-1
Let x(i) = 22088*i + 132501. What is x(-6)?
-27
Let j(x) = 791*x - 8659. Calculate j(11).
42
Let p(o) = 5691*o - 8063. Give p(2).
3319
Let g(s) = -1505*s**2 + 8996*s + 204. Determine g(6).
0
Let g(j) = -13464*j + 444315. Calculate g(33).
3
Let u(k) = 2330*k - 6915. Give u(3).
75
Let t(r) = 444*r**2 + 21747*r - 374. Calculate t(-49).
67
Let n(f) = f**3 - 13*f**2 - 370*f + 5033. What is n(18)?
-7
Let x(u) = -110961*u - 16533182. Determine x(-149).
7
Let i(p) = 9841*p + 78706. Calculate i(-8).
-22
Let q(r) = 8*r**3 - 146*r**2 + 659*r - 20. What is q(8)?
4
Let n(w) = -w**3 + 34*w**2 + 131*w - 505. Determine n(37).
235
Let x(a) = -1877*a**2 - 181*a - 181. Determine x(-1).
-1877
Let g(j) = -j**3 - 423*j**2 - 6121*j - 3214. Determine g(-408).
-2806
Let j(b) = -54*b**2 - 2445*b + 1. Calculate j(-45).
676
Let n(r) = 678*r + 26045. Give n(-38).
281
Let x(c) = -14*c**2 + 1209*c - 14257. Calculate x(12).
-1765
Let t(z) = -127*z**2 - 45*z - 6. Give t(-4).
-1858
Let d(o) = -192*o**2 - 1058*o - 1053. What is d(-1)?
-187
Let y(u) = u**2 - 398*u - 10124. Calculate y(-24).
4
Let z(l) = -1517*l - 1548. Calculate z(-1).
-31
Let r(u) = 2*u**3 - 37*u**2 + 51*u + 15. What is r(5)?
-405
Let c(g) = -221419*g - 221407. Determine c(-1).
12
Let p(i) = 35*i**3 - 769*i**2 + 1377*i + 28. Give p(20).
-32
Let v(n) = -6*n**2 - 1057*n - 274. Calculate v(-176).
-98
Let r(a) = 50*a**2 + 8636*a + 6127. Calculate r(-172).
-65
Let n(w) = 478*w - 8438. Give n(20).
1122
Let k(t) = t**3 - 355*t**2 + 22193*t + 244. Give k(274).
-30
Let z(g) = 9*g**3 + 57*g**2 - 35*g + 102. Determine z(-7).
53
Let n(r) = r**3 + 2*r**2 + 19165*r + 95849. Give n(-5).
-51
Let n(v) = 3*v**3 + 116*v**2 - 1254*v - 50. What is n(10)?
2010
Let l(j) = 15900*j - 2687113. Calculate l(169).
-13
Let m(p) = p**2 + 9255*p + 432811. Calculate m(-47).
35
Let o(c) = -3*c**2 - 1655*c - 72425. Determine o(-503).
1013
Let l(s) = -1131323*s - 14707237. Give l(-13).
-38
Let h(t) = -6970*t + 21118. Determine h(3).
208
Let v(r) = 256142*r + 8708829. What is v(-34)?
1
Let o(d) = -112*d**2 + 179*d + 18. Determine o(3).
-453
Let g(f) = f**3 + 57*f**2 + 113*f - 493. What is g(-55)?
-658
Let j(l) = -l**2 + 110*l + 213. Give j(108).
429
Let r(k) = -k**2 - 134638*k + 1481175. What is r(11)?
36
Let h(g) = -6191*g - 2612610. What is h(-422)?
-8
Let w(l) = -l**3 - 51*l**2 + 1171*l + 61028. Give w(-50).
-22
Let s(a) = -18877*a - 38109. What is s(-2)?
-355
Let p(g) = -51*g + 9655. What is p(178)?
577
Let l(d) = 54*d**2 - 718*d - 71. Determine l(16).
2265
Let y(r) = -247373*r + 1484225. Give y(6).
-13
Let y(t) = 2*t**3 + 962*t**2 - 131436*t - 7110. Give y(-592).
-6
Let g(v) = v**3 - 414*v**2 + 6747*v + 19. Determine g(17).
-15
Let o(p) = 2552*p + 22732. Determine o(-9).
-236
Let r(x) = 3*x**3 + 10*x**2 - 233*x - 330. Calculate r(-10).
0
Let y(t) = 1342*t + 1766. Calculate y(-4).
-3602
Let w(k) = 15314*k - 1623422. Give w(106).
-138
Let t(k) = 931*k + 5916. What is t(-8)?
-1532
Let v(l) = 2*l**3 - 286*l**2 - 3463*l + 457178. What is v(144)?
-22
Let p(r) = 2*r**2 + 23*r - 702. What is p(-20)?
-362
Let r(s) = -35*s**2 - 31*s + 317. Determine r(7).
-1615
Let j(p) = p**2 - 108*p - 3111. Give j(134).
373
Let z(t) = -2806*t - 137490. Determine z(-49).
4
Let n(t) = t**3 + 38*t**2 - 38*t + 3486. What is n(-41)?
1
Let c(l) = -72*l**2 + 44*l - 32. Calculate c(0).
-32
Let n(h) = 4*h**2 - 57*h - 1537. Determine n(21).
-970
Let l(u) = -u**2 - 21520*u - 279710. Determine l(-13).
-119
Let o(c) = -c**2 + 188*c - 2087. Calculate o(176).
25
Let v(q) = 3*q**2 + 47*q - 677. Give v(15).
703
Let h(d) = -40*d**2 + 388*d + 196. What is h(11)?
-376
Let o(y) = -1930*y**2 - 3950*y - 7. What is o(-2)?
173
Let f(u) = -u**3 + 91*u**2 - 367*u + 16811. Calculate f(89).
-10
Let c(g) = -54004*g + 54039. Give c(1).
35
Let z(k) = -103*k**2 - 1606*k + 4484. What is z(-18)?
20
Let v(f) = f**2 + 227*f + 6373. Give v(-63).
-3959
Let n(j) = -j**2 + 3197*j - 157301. What is n(50)?
49
Let f(p) = -2678*p - 67370. Give f(-25).
-420
Let v(q) = 199*q**2 + 3229*q + 726. Give v(-16).
6
Let g(y) = 9*y**2 - 631*y + 154. Calculate g(70).
84
Let s(z) = 10897*z - 239607. Determine s(22).
127
Let i(q) = -82862*q - 414306. Calculate i(-5).
4
Let y(h) = -10588*h - 920. Give y(0).
-920
Let k(i) = 1616*i - 22940. Give k(14).
-316
Let f(m) = -17551*m + 3088970. Determine f(176).
-6
Let c(a) = a**2 - 11059*a - 198647. Calculate c(-18).
739
Let a(p) = 14*p**2 + 866*p + 784. What is a(-61)?
52
Let d(z) = z**2 + 5253*z + 78570. What is d(-15)?
0
Let r(m) = 5122*m + 128404. Determine r(-25).
354
Let g(d) = -8220*d - 67106. Give g(-8).
-1346
Let c(q) = -14*q**2 + 55*q + 276. What is c(-7)?
-795
Let z(h) = -603469*h + 4827746. Determine z(8).
-6
Let b(y) = -198*y**2 + 2590*y - 51. Give b(13).
157
Let n(x) = 16*x**2 + 8*x - 39. What is n(-6)?
489
Let x(z) = 109*z**2 + 424*z + 55. Give x(-5).
660
Let m(z) = -7*z**2 - 62*z + 45. Calculate m(-16).
-755
Let y(x) = x**3 + 18*x**2 + 78*x - 10. What is y(-8)?
6
Let r(p) = 196631*p + 8258507. Calculate r(-42).
5
Let k(d) = -4*d**3 + 181*d**2 - 19*d + 7228. Give k(46).
6
Let t(n) = 602*n + 46811. What is t(-78)?
-145
Let w(p) = -4*p**3 - 23*p**2 - 332*p - 1579. Determine w(-5).
6
Let r(i) = 183*i**2 + 7133*i - 177. Determine r(-39).
-21
Let x(w) = -3*w**2 - 118*w - 546. Determine x(-8).
206
Let l(y) = -y**2 + 136*y - 2942. Give l(27).
1
Let v(c) = 115985*c + 4059540. What is v(-35)?
65
Let k(q) = -q**3 + 366*q**2 - 8836*q - 1078. Determine k(340).
282
Let x(d) = d**2 - 296*d + 16462. What is x(222)?
34
Let r(a) = -206*a**2 - a - 1720. Give r(0).
-1720
Let u(n) = -n**2 - 1110*n - 120526. Determine u(-122).
10
Let z(s) = -1101*s - 108924. Calculate z(-99).
75
Let k(i) = -2*i**3 + 40*i**2 - 56*i + 4. Give k(12).
1636
Let n(l) = -70*l**3 - 6*l**2 + 253*l + 522. Determine n(-2).
5